of 5007 and 477.
3
Calculate the greatest common factor of 26330 and 30.
10
Calculate the highest common divisor of 413 and 49.
7
Calculate the greatest common divisor of 431787 and 1467.
489
What is the highest common divisor of 294 and 1264?
2
What is the highest common divisor of 12956 and 11692?
316
Calculate the highest common divisor of 8277984 and 297.
297
Calculate the highest common factor of 314 and 99067.
157
Calculate the highest common factor of 5092 and 1292.
76
What is the greatest common factor of 12 and 2100228?
12
What is the highest common divisor of 14 and 8519?
7
Calculate the greatest common divisor of 461 and 192.
1
Calculate the greatest common divisor of 46137 and 21.
21
Calculate the highest common divisor of 1104 and 944.
16
What is the highest common factor of 1531713 and 618?
309
Calculate the greatest common divisor of 1428 and 6132.
84
Calculate the highest common factor of 23183 and 20554.
239
What is the highest common divisor of 69972 and 56?
28
Calculate the highest common divisor of 628 and 13641102.
314
Calculate the greatest common divisor of 1800 and 11448.
72
Calculate the greatest common factor of 22099 and 22.
11
Calculate the greatest common divisor of 100 and 69950.
50
What is the highest common divisor of 167440 and 280?
280
Calculate the highest common divisor of 13501 and 183731.
587
Calculate the highest common divisor of 14194 and 36002.
94
Calculate the highest common factor of 4082 and 442.
26
Calculate the greatest common factor of 1064 and 194047.
133
What is the greatest common factor of 3556 and 28?
28
What is the greatest common factor of 14528 and 80?
16
Calculate the greatest common divisor of 3610 and 278692.
722
What is the highest common divisor of 931 and 893?
19
Calculate the greatest common factor of 162730 and 10.
10
What is the highest common factor of 9 and 5283?
9
What is the greatest common factor of 5406 and 113844?
318
What is the greatest common divisor of 1666536 and 48?
24
Calculate the highest common divisor of 374 and 57613.
17
Calculate the greatest common divisor of 144 and 220332.
12
Calculate the highest common factor of 713240 and 55.
55
What is the highest common divisor of 882 and 15858?
18
Calculate the greatest common divisor of 44547 and 186.
93
Calculate the highest common divisor of 12200 and 500.
100
Calculate the greatest common divisor of 20215 and 195.
65
What is the greatest common factor of 310175 and 350?
25
Calculate the greatest common factor of 139656 and 88.
88
What is the highest common factor of 203 and 2695231?
203
What is the greatest common factor of 38446 and 376?
94
What is the highest common factor of 1610 and 4945?
115
Calculate the highest common factor of 1377230 and 15.
5
What is the highest common factor of 198 and 5850834?
66
What is the greatest common factor of 165 and 204375?
15
Calculate the greatest common factor of 322085 and 370.
185
What is the highest common factor of 63 and 8589?
21
What is the highest common factor of 45 and 64215?
45
Calculate the highest common divisor of 54859 and 27199.
461
What is the greatest common factor of 4 and 351688?
4
What is the highest common divisor of 85488 and 22152?
312
Calculate the greatest common divisor of 290807 and 22.
11
What is the greatest common factor of 718 and 90827?
359
What is the highest common divisor of 18827 and 67?
67
What is the highest common divisor of 4996 and 32?
4
Calculate the greatest common factor of 10291 and 7279.
251
What is the highest common factor of 10 and 221275?
5
Calculate the highest common divisor of 54 and 8022.
6
Calculate the highest common divisor of 14875 and 935.
85
Calculate the highest common divisor of 1905 and 885.
15
What is the greatest common factor of 4 and 5192?
4
What is the highest common divisor of 338414 and 82?
82
What is the highest common factor of 9 and 41154?
3
What is the greatest common factor of 700 and 2786?
14
Calculate the highest common factor of 896912 and 464.
464
Calculate the greatest common divisor of 337707 and 478.
239
What is the highest common factor of 16300 and 46292?
652
Calculate the greatest common divisor of 7200 and 369.
9
What is the highest common divisor of 6 and 95946?
6
Calculate the greatest common factor of 6425 and 10.
5
Calculate the highest common divisor of 18473329 and 337.
337
Calculate the highest common factor of 19133 and 278692.
361
Calculate the greatest common factor of 2230 and 16279.
223
What is the greatest common factor of 5 and 12115?
5
What is the highest common factor of 23733 and 3?
3
Calculate the highest common divisor of 6962 and 93397.
59
What is the highest common factor of 8205 and 28991?
547
What is the highest common divisor of 229297 and 467?
467
What is the greatest common factor of 4009 and 146645?
211
What is the highest common divisor of 281 and 2855803?
281
Calculate the greatest common factor of 39 and 49101.
39
Calculate the greatest common divisor of 1623820 and 61.
61
Calculate the highest common divisor of 3251432 and 16.
8
What is the greatest common divisor of 92404 and 28?
4
Calculate the highest common divisor of 8 and 19856.
8
What is the greatest common divisor of 36738 and 2808?
234
Calculate the highest common factor of 13662 and 1056.
66
Calculate the greatest common divisor of 6103 and 34.
17
What is the greatest common divisor of 784 and 14168?
56
Calculate the highest common divisor of 41276 and 2584.
68
Calculate the highest common factor of 77 and 70554.
11
Calculate the greatest common divisor of 1488 and 457008.
48
What is the highest common divisor of 132 and 246037?
11
Calculate the highest common divisor of 311832 and 2562.
366
What is the highest common divisor of 37215 and 45?
45
What is the greatest common factor of 19875350 and 550?
550
What is the greatest common divisor of 1310394 and 25143?
1479
What is the highest common divisor of 4469 and 1927?
41
What is the greatest common factor of 1216 and 7168?
64
What is the highest common factor of 16 and 143288?
8
What is the greatest common factor of 78 and 24918?
6
What is the greatest common factor of 207138 and 7742?
158
What is the greatest common factor of 192948 and 378?
42
Calculate the greatest common factor of 2004 and 2132.
4
What is the highest common divisor of 91739 and 4149?
461
What is the greatest common factor of 1061976 and 48?
24
What is the highest common divisor of 4474789 and 662?
331
Calculate the greatest common divisor of 68457 and 24020.
1201
Calculate the highest common factor of 14 and 23401.
7
What is the highest common divisor of 368421 and 76281?
1623
What is the highest common factor of 7 and 270291?
7
Calculate the highest common factor of 21 and 788613.
21
Calculate the highest common factor of 2004 and 108884.
668
Calculate the highest common divisor of 41048 and 104.
8
What is the highest common divisor of 370004 and 4194?
466
Calculate the highest common factor of 341440 and 388.
388
Calculate the greatest common divisor of 849 and 1106247.
849
What is the highest common divisor of 1985 and 529201?
397
What is the highest common factor of 6345 and 405?
135
Calculate the greatest common divisor of 468 and 181233.
117
Calculate the greatest common divisor of 156 and 6487.
13
What is the greatest common factor of 134 and 91991?
67
Calculate the highest common factor of 272376 and 351.
351
Calculate the greatest common divisor of 66 and 2626734.
66
What is the highest common divisor of 700 and 7588?
28
Calculate the greatest common divisor of 6170 and 230.
10
What is the greatest common factor of 1500 and 96?
12
Calculate the highest common divisor of 224268 and 66.
66
What is the highest common factor of 16321 and 31783?
859
Calculate the greatest common factor of 15 and 6696.
3
What is the highest common factor of 62 and 83?
1
Calculate the highest common factor of 2703 and 38301.
51
What is the highest common divisor of 1517 and 814?
37
Calculate the greatest common divisor of 49 and 72079.
49
Calculate the greatest common divisor of 635 and 643255.
635
Calculate the greatest common divisor of 2585 and 73555.
235
Calculate the greatest common divisor of 198 and 6695865.
99
What is the greatest common factor of 11736 and 792?
72
What is the grea